{"id":122,"date":"2017-10-09T14:52:56","date_gmt":"2017-10-09T12:52:56","guid":{"rendered":"http:\/\/cagestion.com\/?page_id=122"},"modified":"2023-03-10T16:18:22","modified_gmt":"2023-03-10T15:18:22","slug":"pack-services","status":"publish","type":"page","link":"https:\/\/cagestion.com\/index.php\/services\/pack-services\/","title":{"rendered":"Pack services +"},"content":{"rendered":"\n<h1 class=\"wp-block-heading\"><strong>Des services in\u00e9dits en Champagne Ardenne, sp\u00e9cifiquement pens\u00e9s pour les TPE :<\/strong><\/h1>\n\n\n\n<ul>\n<li>Le <strong><a href=\"http:\/\/cagestion.com\/index.php\/services\/club-avantages\/\">club avantages<\/a><\/strong>, votre commit\u00e9 d&rsquo;entreprise<\/li>\n\n\n\n<li>Le<strong> Club des Adh\u00e9rents<\/strong>, votre r\u00e9seau business<\/li>\n\n\n\n<li>La <strong>newsletter<\/strong>, votre lettre mensuel d&rsquo;informations<\/li>\n\n\n\n<li>Les <strong>Webinaires<\/strong>, votre veille et votre formation permanente au m\u00e9tier de chef d&rsquo;entreprise<\/li>\n<\/ul>\n\n\n\n<hr class=\"wp-block-separator has-alpha-channel-opacity\"\/>\n\n\n\n<p>Tous les membres adh\u00e9rents de l&rsquo;organisme de Gestion Agr\u00e9\u00e9 CHAMPAGNE ARDENNES Gestion b\u00e9n\u00e9ficient de l&rsquo;ensemble de ses services ! Un pack de services sp\u00e9cifiques et unique pour les TPE.<\/p>\n\n\n\n<p>Pas encore membre ? Contactez votre centre au 03.26.77.44.00 ou \u00e0 <a rel=\"noreferrer noopener\" href=\"mailto:contact@cagestion.com\" target=\"_blank\">contact@cagestion.com<\/a><\/p>\n\n\n\n<p>Vous \u00eates membre  et vous ne savez pas comment b\u00e9n\u00e9ficier de l&rsquo;ensemble de ses avantages ? Contactez votre centre au 03.26.77.44.00 ou \u00e0 <a rel=\"noreferrer noopener\" href=\"mailto:contact@cagestion.com\" target=\"_blank\">contact@cagestion.com<\/a><\/p>\n","protected":false},"excerpt":{"rendered":"<p>Des services in\u00e9dits en Champagne Ardenne, sp\u00e9cifiquement pens\u00e9s pour les TPE : Tous les membres adh\u00e9rents de l&rsquo;organisme de Gestion Agr\u00e9\u00e9 CHAMPAGNE ARDENNES Gestion b\u00e9n\u00e9ficient de l&rsquo;ensemble de ses services ! Un pack de services sp\u00e9cifiques et unique pour les TPE. Pas encore membre ? Contactez votre centre au 03.26.77.44.00 ou \u00e0 contact@cagestion.com Vous \u00eates&hellip; <a class=\"more-link\" href=\"https:\/\/cagestion.com\/index.php\/services\/pack-services\/\">Continue Reading Pack services +<\/a><\/p>\n","protected":false},"author":1,"featured_media":0,"parent":107,"menu_order":4,"comment_status":"closed","ping_status":"closed","template":"","meta":{"footnotes":""},"_links":{"self":[{"href":"https:\/\/cagestion.com\/index.php\/wp-json\/wp\/v2\/pages\/122"}],"collection":[{"href":"https:\/\/cagestion.com\/index.php\/wp-json\/wp\/v2\/pages"}],"about":[{"href":"https:\/\/cagestion.com\/index.php\/wp-json\/wp\/v2\/types\/page"}],"author":[{"embeddable":true,"href":"https:\/\/cagestion.com\/index.php\/wp-json\/wp\/v2\/users\/1"}],"replies":[{"embeddable":true,"href":"https:\/\/cagestion.com\/index.php\/wp-json\/wp\/v2\/comments?post=122"}],"version-history":[{"count":16,"href":"https:\/\/cagestion.com\/index.php\/wp-json\/wp\/v2\/pages\/122\/revisions"}],"predecessor-version":[{"id":414,"href":"https:\/\/cagestion.com\/index.php\/wp-json\/wp\/v2\/pages\/122\/revisions\/414"}],"up":[{"embeddable":true,"href":"https:\/\/cagestion.com\/index.php\/wp-json\/wp\/v2\/pages\/107"}],"wp:attachment":[{"href":"https:\/\/cagestion.com\/index.php\/wp-json\/wp\/v2\/media?parent=122"}],"curies":[{"name":"wp","href":"https:\/\/api.w.org\/{rel}","templated":true}]}}