{"id":143,"date":"2017-10-09T15:17:42","date_gmt":"2017-10-09T13:17:42","guid":{"rendered":"http:\/\/cagestion.com\/?page_id=143"},"modified":"2023-07-05T20:17:38","modified_gmt":"2023-07-05T18:17:38","slug":"bulletin-adhesion","status":"publish","type":"page","link":"https:\/\/cagestion.com\/index.php\/documents\/bulletin-adhesion\/","title":{"rendered":"Bulletin adh\u00e9sion"},"content":{"rendered":"<h1>Bureau de Reims<\/h1>\n<p><a href=\"http:\/\/cagestion.com\/wp-content\/uploads\/2017\/10\/Bulletin-dadhesion-CA-GESTION-Reims.pdf\">Bulletin d&rsquo;adh\u00e9sion CA GESTION &#8211; Reims<\/a><\/p>\n<hr>\n<h1>Bureau de Charleville<\/h1>\n<p><a href=\"http:\/\/cagestion.com\/wp-content\/uploads\/2017\/10\/Bulletin-dadhesion-CA-GESTION-Charleville.pdf\">Bulletin d&rsquo;adh\u00e9sion CA GESTION &#8211; Charleville<\/a><\/p>\n\n\n<p class=\"has-black-color has-text-color has-medium-font-size\"><\/p>\n\n\n\n<h2 class=\"wp-block-heading\">Bulletin d&rsquo;adh\u00e9sion des BNC<\/h2>\n\n\n\n<div data-wp-interactive=\"core\/file\" class=\"wp-block-file\"><object data-wp-bind--hidden=\"!state.hasPdfPreview\"  class=\"wp-block-file__embed\" data=\"https:\/\/cagestion.com\/wp-content\/uploads\/2023\/07\/Bulletin-dadhesion-BNC-CA-GESTION-bureauacocher.pdf\" type=\"application\/pdf\" style=\"width:100%;height:600px\" aria-label=\"Contenu embarqu\u00e9 Bulletin-dadhesion-BNC-CA-GESTION-bureauacocher.\"><\/object><a id=\"wp-block-file--media-4ad59fa4-ddbe-499d-9cc2-e486be1dc47c\" href=\"https:\/\/cagestion.com\/wp-content\/uploads\/2023\/07\/Bulletin-dadhesion-BNC-CA-GESTION-bureauacocher.pdf\">Bulletin-dadhesion-BNC-CA-GESTION-bureauacocher<\/a><a href=\"https:\/\/cagestion.com\/wp-content\/uploads\/2023\/07\/Bulletin-dadhesion-BNC-CA-GESTION-bureauacocher.pdf\" class=\"wp-block-file__button wp-element-button\" download aria-describedby=\"wp-block-file--media-4ad59fa4-ddbe-499d-9cc2-e486be1dc47c\">T\u00e9l\u00e9charger<\/a><\/div>\n","protected":false},"excerpt":{"rendered":"<p>Bureau de Reims Bulletin d&rsquo;adh\u00e9sion CA GESTION &#8211; Reims Bureau de Charleville Bulletin d&rsquo;adh\u00e9sion CA GESTION &#8211; Charleville Bulletin d&rsquo;adh\u00e9sion des BNC<\/p>\n","protected":false},"author":1,"featured_media":0,"parent":140,"menu_order":1,"comment_status":"closed","ping_status":"closed","template":"","meta":{"footnotes":""},"_links":{"self":[{"href":"https:\/\/cagestion.com\/index.php\/wp-json\/wp\/v2\/pages\/143"}],"collection":[{"href":"https:\/\/cagestion.com\/index.php\/wp-json\/wp\/v2\/pages"}],"about":[{"href":"https:\/\/cagestion.com\/index.php\/wp-json\/wp\/v2\/types\/page"}],"author":[{"embeddable":true,"href":"https:\/\/cagestion.com\/index.php\/wp-json\/wp\/v2\/users\/1"}],"replies":[{"embeddable":true,"href":"https:\/\/cagestion.com\/index.php\/wp-json\/wp\/v2\/comments?post=143"}],"version-history":[{"count":6,"href":"https:\/\/cagestion.com\/index.php\/wp-json\/wp\/v2\/pages\/143\/revisions"}],"predecessor-version":[{"id":433,"href":"https:\/\/cagestion.com\/index.php\/wp-json\/wp\/v2\/pages\/143\/revisions\/433"}],"up":[{"embeddable":true,"href":"https:\/\/cagestion.com\/index.php\/wp-json\/wp\/v2\/pages\/140"}],"wp:attachment":[{"href":"https:\/\/cagestion.com\/index.php\/wp-json\/wp\/v2\/media?parent=143"}],"curies":[{"name":"wp","href":"https:\/\/api.w.org\/{rel}","templated":true}]}}