{"id":159,"date":"2017-10-09T16:11:25","date_gmt":"2017-10-09T14:11:25","guid":{"rendered":"http:\/\/cagestion.com\/?page_id=159"},"modified":"2018-01-08T16:16:38","modified_gmt":"2018-01-08T15:16:38","slug":"espace-prive","status":"publish","type":"page","link":"https:\/\/cagestion.com\/index.php\/documents\/espace-prive\/","title":{"rendered":"Espace priv\u00e9"},"content":{"rendered":"<p>L\u2019espace priv\u00e9 de notre site est r\u00e9serv\u00e9 aux adh\u00e9rents de CHAMPAGNE ARDENNES GESTION et aux professionnels de la comptabilit\u00e9.<\/p>\n<hr \/>\n<p><span style=\"font-size: 18pt;\"><strong>En tant qu\u2019adh\u00e9rent<\/strong>,<\/span> cet espace vous permet de retrouver l\u2019ensemble de vos documents : dossier de gestion, attestations, compte-rendu de missions, factures et statistiques professionnelles.<br \/>\nDe plus, cet espace nous permet de travailler de fa\u00e7on interactive, via cet espace vous pouvez directement : nous contacter, modifier les informations sur votre entreprise et r\u00e9pondre aux \u00e9ventuelles questions et messages laiss\u00e9s par votre analyste dans le cadre de vos examens de vraisemblance et de coh\u00e9rence.<\/p>\n<table style=\"border-color: #030202;\" border=\"oui\">\n<tbody>\n<tr>\n<td><span style=\"font-size: 12pt;\"><a href=\"https:\/\/www.slideshare.net\/secret\/GXSHFZWLxmpxO8\" target=\"_blank\" rel=\"noopener\">NOTICE D&rsquo;UTILISATION DE VOTRE ESPACE PRIVE ADHERENTS<\/a><\/span><\/td>\n<\/tr>\n<\/tbody>\n<\/table>\n<p><span style=\"font-size: 18pt;\"><strong>En tant que professionnel de la comptabilit\u00e9<\/strong><\/span>, cet espace vous permet de retrouver l\u2019ensemble\u00a0des documents concernant vos clients : les dossiers de gestion, les attestations, les compte-rendu de missions, les factures, les statistiques professionnelles.<br \/>\nDe plus, cet espace nous permet de travailler de fa\u00e7on interactive sur les examens de coh\u00e9rence et de vraisemblance que nous r\u00e9alisons : un tableau de bord vous indique si vous avez un message, une question ou une information en attente concernant un compte client. Vous pouvez y r\u00e9pondre directement en ligne.<\/p>\n<table style=\"border-color: #030303;\" border=\"oui\">\n<tbody>\n<tr>\n<td><span style=\"font-size: 12pt;\"><a href=\"https:\/\/www.slideshare.net\/secret\/xwkKQrekTIsvYP\" target=\"_blank\" rel=\"noopener\">NOTICE D&rsquo;UTILISATION DE L&rsquo;ESPACE PRIVE, CABINET COMPTABLE<\/a><\/span><\/td>\n<\/tr>\n<\/tbody>\n<\/table>\n<hr \/>\n<p>&gt; La notice explicative est disponible sur simple demande \u00e0 <a href=\"mailto:contact@cagestion.com\">contact@cagestion.com<\/a>.<br \/>\n&gt; Si vous ne disposez pas de vos codes, contactez-nous par <a href=\"mailto:contact@cagestion.com\">email<\/a> \/ t\u00e9l\u00e9phone.<\/p>\n","protected":false},"excerpt":{"rendered":"<p>L\u2019espace priv\u00e9 de notre site est r\u00e9serv\u00e9 aux adh\u00e9rents de CHAMPAGNE ARDENNES GESTION et aux professionnels de la comptabilit\u00e9. En tant qu\u2019adh\u00e9rent, cet espace vous permet de retrouver l\u2019ensemble de vos documents : dossier de gestion, attestations, compte-rendu de missions, factures et statistiques professionnelles. De plus, cet espace nous permet de travailler de fa\u00e7on interactive,&hellip; <a class=\"more-link\" href=\"https:\/\/cagestion.com\/index.php\/documents\/espace-prive\/\">Continue Reading Espace priv\u00e9<\/a><\/p>\n","protected":false},"author":1,"featured_media":0,"parent":140,"menu_order":3,"comment_status":"closed","ping_status":"closed","template":"","meta":{"footnotes":""},"_links":{"self":[{"href":"https:\/\/cagestion.com\/index.php\/wp-json\/wp\/v2\/pages\/159"}],"collection":[{"href":"https:\/\/cagestion.com\/index.php\/wp-json\/wp\/v2\/pages"}],"about":[{"href":"https:\/\/cagestion.com\/index.php\/wp-json\/wp\/v2\/types\/page"}],"author":[{"embeddable":true,"href":"https:\/\/cagestion.com\/index.php\/wp-json\/wp\/v2\/users\/1"}],"replies":[{"embeddable":true,"href":"https:\/\/cagestion.com\/index.php\/wp-json\/wp\/v2\/comments?post=159"}],"version-history":[{"count":6,"href":"https:\/\/cagestion.com\/index.php\/wp-json\/wp\/v2\/pages\/159\/revisions"}],"predecessor-version":[{"id":178,"href":"https:\/\/cagestion.com\/index.php\/wp-json\/wp\/v2\/pages\/159\/revisions\/178"}],"up":[{"embeddable":true,"href":"https:\/\/cagestion.com\/index.php\/wp-json\/wp\/v2\/pages\/140"}],"wp:attachment":[{"href":"https:\/\/cagestion.com\/index.php\/wp-json\/wp\/v2\/media?parent=159"}],"curies":[{"name":"wp","href":"https:\/\/api.w.org\/{rel}","templated":true}]}}