{"id":93,"date":"2017-10-09T12:32:05","date_gmt":"2017-10-09T10:32:05","guid":{"rendered":"http:\/\/cagestion.com\/?page_id=93"},"modified":"2017-10-09T12:38:40","modified_gmt":"2017-10-09T10:38:40","slug":"contact","status":"publish","type":"page","link":"https:\/\/cagestion.com\/index.php\/contact\/","title":{"rendered":"Contact"},"content":{"rendered":"<table style=\"width: 1384px;\">\n<tbody>\n<tr>\n<td style=\"width: 168.19px;\"><img loading=\"lazy\" decoding=\"async\" class=\"alignnone wp-image-71 size-thumbnail\" src=\"http:\/\/cagestion.com\/wp-content\/uploads\/2017\/07\/cropped-LOGO-COULEUR-2-150x150.jpg\" alt=\"\" width=\"150\" height=\"150\" srcset=\"https:\/\/cagestion.com\/wp-content\/uploads\/2017\/07\/cropped-LOGO-COULEUR-2-150x150.jpg 150w, https:\/\/cagestion.com\/wp-content\/uploads\/2017\/07\/cropped-LOGO-COULEUR-2-300x300.jpg 300w, https:\/\/cagestion.com\/wp-content\/uploads\/2017\/07\/cropped-LOGO-COULEUR-2-100x100.jpg 100w, https:\/\/cagestion.com\/wp-content\/uploads\/2017\/07\/cropped-LOGO-COULEUR-2.jpg 485w\" sizes=\"(max-width: 150px) 100vw, 150px\" \/><\/td>\n<td style=\"width: 1179.81px;\"><span style=\"font-size: 36pt;\">CHAMPAGNE ARDENNES GESTION<\/span><\/td>\n<\/tr>\n<\/tbody>\n<\/table>\n<p>2 bureaux vous accueil, dans la Marne et dans les Ardennes<\/p>\n<hr \/>\n<h1>Si\u00e8ge social &#8211; Bureau de Reims<\/h1>\n<p>(Zone Farman &#8211; Croix Blandin)<\/p>\n<p>Adresse postale : 4 all\u00e9e Santos Dumont &#8211; B\u00e2timent A4 &#8211; BP 275 &#8211; 51687 REIMS Cedex 2<\/p>\n<p>T\u00e9l\u00e9phone : 03.26.77.44.00<\/p>\n<p>Email : <a href=\"mailto:contact@cagestion.com\">contact@cagestion.com<\/a><\/p>\n<hr \/>\n<h1>Bureau de Charleville<\/h1>\n<p>Adresse postale : 22 rue Kennedy &#8211; 08000 CHARLEVILLE MEZIERES<\/p>\n<p>T\u00e9l\u00e9phone : 03.24.36.64.90<\/p>\n<p>Email : <a href=\"mailto:contact@cagestion.com\">contact@cagestion.com<\/a><\/p>\n","protected":false},"excerpt":{"rendered":"<p>CHAMPAGNE ARDENNES GESTION 2 bureaux vous accueil, dans la Marne et dans les Ardennes Si\u00e8ge social &#8211; Bureau de Reims (Zone Farman &#8211; Croix Blandin) Adresse postale : 4 all\u00e9e Santos Dumont &#8211; B\u00e2timent A4 &#8211; BP 275 &#8211; 51687 REIMS Cedex 2 T\u00e9l\u00e9phone : 03.26.77.44.00 Email : contact@cagestion.com Bureau de Charleville Adresse postale :&hellip; <a class=\"more-link\" href=\"https:\/\/cagestion.com\/index.php\/contact\/\">Continue Reading Contact<\/a><\/p>\n","protected":false},"author":1,"featured_media":0,"parent":0,"menu_order":0,"comment_status":"closed","ping_status":"closed","template":"","meta":{"footnotes":""},"_links":{"self":[{"href":"https:\/\/cagestion.com\/index.php\/wp-json\/wp\/v2\/pages\/93"}],"collection":[{"href":"https:\/\/cagestion.com\/index.php\/wp-json\/wp\/v2\/pages"}],"about":[{"href":"https:\/\/cagestion.com\/index.php\/wp-json\/wp\/v2\/types\/page"}],"author":[{"embeddable":true,"href":"https:\/\/cagestion.com\/index.php\/wp-json\/wp\/v2\/users\/1"}],"replies":[{"embeddable":true,"href":"https:\/\/cagestion.com\/index.php\/wp-json\/wp\/v2\/comments?post=93"}],"version-history":[{"count":4,"href":"https:\/\/cagestion.com\/index.php\/wp-json\/wp\/v2\/pages\/93\/revisions"}],"predecessor-version":[{"id":95,"href":"https:\/\/cagestion.com\/index.php\/wp-json\/wp\/v2\/pages\/93\/revisions\/95"}],"wp:attachment":[{"href":"https:\/\/cagestion.com\/index.php\/wp-json\/wp\/v2\/media?parent=93"}],"curies":[{"name":"wp","href":"https:\/\/api.w.org\/{rel}","templated":true}]}}